{"id":44684,"date":"2026-07-14T10:45:26","date_gmt":"2026-07-14T08:45:26","guid":{"rendered":"https:\/\/www.gilde.ch\/?page_id=44684"},"modified":"2026-08-16T14:03:04","modified_gmt":"2026-08-16T12:03:04","slug":"galerie-de-photos","status":"publish","type":"page","link":"https:\/\/www.gilde.ch\/fr\/calendrier-des-evenements\/galerie-de-photos\/","title":{"rendered":"Galerie de photos"},"content":{"rendered":"\t\t<div data-elementor-type=\"wp-page\" data-elementor-id=\"44684\" class=\"elementor elementor-44684 elementor-44594\" data-elementor-post-type=\"page\">\n\t\t\t\t<div class=\"elementor-element elementor-element-9feccae e-con-full e-flex e-con e-parent\" data-id=\"9feccae\" data-element_type=\"container\">\n\t\t\t\t<div class=\"elementor-element elementor-element-4660e89 elementor-widget elementor-widget-heading\" data-id=\"4660e89\" data-element_type=\"widget\" data-widget_type=\"heading.default\">\n\t\t\t\t<div class=\"elementor-widget-container\">\n\t\t\t\t\t<h1 class=\"elementor-heading-title elementor-size-default\">Galerie de photos<\/h1>\t\t\t\t<\/div>\n\t\t\t\t<\/div>\n\t\t\t\t<div class=\"elementor-element elementor-element-631f5da elementor-widget elementor-widget-text-editor\" data-id=\"631f5da\" data-element_type=\"widget\" data-widget_type=\"text-editor.default\">\n\t\t\t\t<div class=\"elementor-widget-container\">\n\t\t\t\t\t\t\t\t\t<p>Impressions des manifestations de la Guilde \u2013 avec photos d\u00e8s l&rsquo;entr\u00e9e.<\/p><div style=\"display:grid;gap:1rem;grid-template-columns:repeat(auto-fill,minmax(240px,1fr));margin-top:1rem;\"><a href=\"\/fr\/calendrier-des-evenements\/galerie-de-photos\/journee-de-golf-gilde-dyhrberg-2026-interlaken\/\" style=\"display:flex;flex-direction:column;border:2px solid #003043;border-radius:10px;overflow:hidden;text-decoration:none;color:#003043;background:#fff;\"><span style=\"position:relative;display:block;width:100%;aspect-ratio:16\/10;overflow:hidden;background:#003043;\"><video autoplay muted loop playsinline poster=\"https:\/\/www.gilde.ch\/wp-content\/uploads\/2026\/08\/gilde-golftag-2026-cover.jpg\" style=\"position:absolute;inset:0;width:100%;height:100%;object-fit:cover;\"><source src=\"https:\/\/www.gilde.ch\/wp-content\/uploads\/2026\/08\/gilde-golftag-2026-card.mp4\" type=\"video\/mp4\"><\/video><\/span><span style=\"display:block;padding:1rem 1.15rem;\"><strong style=\"display:block;font-size:1.05rem;line-height:1.35;\">Journ\u00e9e de golf Gilde Dyhrberg 2026<\/strong><span style=\"color:#555;\">Interlaken \u00b7 29.06.2026<\/span><br><span style=\"display:inline-block;margin-top:.55rem;font-weight:700;\">Voir les photos<\/span><\/span><\/a><a href=\"\/fr\/calendrier-des-evenements\/galerie-de-photos\/rencontre-amis-de-la-guilde-seeland-2026\/\" style=\"display:flex;flex-direction:column;border:2px solid #003043;border-radius:10px;overflow:hidden;text-decoration:none;color:#003043;background:#fff;\"><span style=\"display:block;width:100%;aspect-ratio:16\/10;background:#003043 url(https:\/\/www.gilde.ch\/wp-content\/uploads\/2026\/08\/gilde-seeland-2026-cover.jpg) center\/cover no-repeat;\"><\/span><span style=\"display:block;padding:1rem 1.15rem;\"><strong style=\"display:block;font-size:1.05rem;line-height:1.35;\">Rencontre des Amis de la Guilde au Seeland<\/strong><span style=\"color:#555;\">Seeland \u00b7 13.04.2026<\/span><br><span style=\"display:inline-block;margin-top:.55rem;font-weight:700;\">Voir les photos<\/span><\/span><\/a><a href=\"\/fr\/calendrier-des-evenements\/galerie-de-photos\/gilde-skitag-flums-2026\/\" style=\"display:flex;flex-direction:column;border:2px solid #003043;border-radius:10px;overflow:hidden;text-decoration:none;color:#003043;background:#fff;\"><span style=\"display:block;width:100%;aspect-ratio:16\/10;background:#003043 url(https:\/\/www.gilde.ch\/wp-content\/uploads\/2026\/08\/gilde-skitag-flums-2026-ziel.jpg) center\/cover no-repeat;\"><\/span><span style=\"display:block;padding:1rem 1.15rem;\"><strong style=\"display:block;font-size:1.05rem;line-height:1.35;\">Journ\u00e9e de ski Gilde<\/strong><span style=\"color:#555;\">Flums \u00b7 16.03.2026<\/span><br><span style=\"display:inline-block;margin-top:.55rem;font-weight:700;\">Voir les photos<\/span><\/span><\/a><a href=\"\/fr\/calendrier-des-evenements\/galerie-de-photos\/gilde-curling-2026\/\" style=\"display:flex;flex-direction:column;border:2px solid #003043;border-radius:10px;overflow:hidden;text-decoration:none;color:#003043;background:#fff;\"><span style=\"display:block;width:100%;aspect-ratio:16\/10;background:#003043 url(https:\/\/www.gilde.ch\/wp-content\/uploads\/2019\/10\/restaurant-adler-kuessnacht-am-rigi_Header-1.jpg) center\/cover no-repeat;\"><\/span><span style=\"display:block;padding:1rem 1.15rem;\"><strong style=\"display:block;font-size:1.05rem;line-height:1.35;\">Curling Gilde K\u00fcssnacht a.R.<\/strong><span style=\"color:#555;\">K\u00fcssnacht a.R. \u00b7 26.01.2026<\/span><br><span style=\"display:inline-block;margin-top:.55rem;font-weight:700;\">Voir les photos<\/span><\/span><\/a><\/div>\t\t\t\t\t\t\t\t<\/div>\n\t\t\t\t<\/div>\n\t\t\t\t<\/div>\n\t\t\t\t<\/div>\n\t\t","protected":false},"excerpt":{"rendered":"<p>Impressions des manifestations de la Guilde \u2013 avec photos d\u00e8s l&rsquo;entr\u00e9e. Journ\u00e9e de golf Gilde Dyhrberg 2026Interlaken \u00b7 29.06.2026Voir les photosRencontre des Amis de la Guilde au SeelandSeeland \u00b7 13.04.2026Voir les photosJourn\u00e9e de ski GildeFlums \u00b7 16.03.2026Voir les photosCurling Gilde K\u00fcssnacht a.R.K\u00fcssnacht a.R. \u00b7 26.01.2026Voir les photos<\/p>\n","protected":false},"author":2,"featured_media":0,"parent":38366,"menu_order":0,"comment_status":"closed","ping_status":"closed","template":"t-wide-content.php","meta":{"_acf_changed":false,"footnotes":""},"class_list":["post-44684","page","type-page","status-publish","hentry"],"acf":[],"_links":{"self":[{"href":"https:\/\/www.gilde.ch\/fr\/wp-json\/wp\/v2\/pages\/44684\/"}],"collection":[{"href":"https:\/\/www.gilde.ch\/fr\/wp-json\/wp\/v2\/pages\/"}],"about":[{"href":"https:\/\/www.gilde.ch\/fr\/wp-json\/wp\/v2\/types\/page\/"}],"author":[{"embeddable":true,"href":"https:\/\/www.gilde.ch\/fr\/wp-json\/wp\/v2\/users\/2\/"}],"replies":[{"embeddable":true,"href":"https:\/\/www.gilde.ch\/fr\/wp-json\/wp\/v2\/comments\/?post=44684"}],"version-history":[{"count":0,"href":"https:\/\/www.gilde.ch\/fr\/wp-json\/wp\/v2\/pages\/44684\/revisions\/"}],"up":[{"embeddable":true,"href":"https:\/\/www.gilde.ch\/fr\/wp-json\/wp\/v2\/pages\/38366\/"}],"wp:attachment":[{"href":"https:\/\/www.gilde.ch\/fr\/wp-json\/wp\/v2\/media\/?parent=44684"}],"curies":[{"name":"wp","href":"https:\/\/api.w.org\/{rel}","templated":true}]}}

<div data-elementor-type="wp-page" data-elementor-id="44684" class="elementor elementor-44684 elementor-44594" data-elementor-post-type="page">
				<div class="elementor-element elementor-element-9feccae e-con-full e-flex e-con e-parent" data-id="9feccae" data-element_type="container">
				<div class="elementor-element elementor-element-4660e89 elementor-widget elementor-widget-heading" data-id="4660e89" data-element_type="widget" data-widget_type="heading.default">
				<div class="elementor-widget-container">
					<h1 class="elementor-heading-title elementor-size-default">Galerie de photos</h1>				</div>
				</div>
				<div class="elementor-element elementor-element-631f5da elementor-widget elementor-widget-text-editor" data-id="631f5da" data-element_type="widget" data-widget_type="text-editor.default">
				<div class="elementor-widget-container">
									<p>Impressions des manifestations de la Guilde – avec photos dès l&rsquo;entrée.</p><div style="display:grid;gap:1rem;grid-template-columns:repeat(auto-fill,minmax(240px,1fr));margin-top:1rem;"><a href="/fr/calendrier-des-evenements/galerie-de-photos/journee-de-golf-gilde-dyhrberg-2026-interlaken/" style="display:flex;flex-direction:column;border:2px solid #003043;border-radius:10px;overflow:hidden;text-decoration:none;color:#003043;background:#fff;"><span style="position:relative;display:block;width:100%;aspect-ratio:16/10;overflow:hidden;background:#003043;"><video autoplay muted loop playsinline poster="https://www.gilde.ch/wp-content/uploads/2026/08/gilde-golftag-2026-cover.jpg" style="position:absolute;inset:0;width:100%;height:100%;object-fit:cover;"><source src="https://www.gilde.ch/wp-content/uploads/2026/08/gilde-golftag-2026-card.mp4" type="video/mp4"></video></span><span style="display:block;padding:1rem 1.15rem;"><strong style="display:block;font-size:1.05rem;line-height:1.35;">Journée de golf Gilde Dyhrberg 2026</strong><span style="color:#555;">Interlaken · 29.06.2026</span><br><span style="display:inline-block;margin-top:.55rem;font-weight:700;">Voir les photos</span></span></a><a href="/fr/calendrier-des-evenements/galerie-de-photos/rencontre-amis-de-la-guilde-seeland-2026/" style="display:flex;flex-direction:column;border:2px solid #003043;border-radius:10px;overflow:hidden;text-decoration:none;color:#003043;background:#fff;"><span style="display:block;width:100%;aspect-ratio:16/10;background:#003043 url(https://www.gilde.ch/wp-content/uploads/2026/08/gilde-seeland-2026-cover.jpg) center/cover no-repeat;"></span><span style="display:block;padding:1rem 1.15rem;"><strong style="display:block;font-size:1.05rem;line-height:1.35;">Rencontre des Amis de la Guilde au Seeland</strong><span style="color:#555;">Seeland · 13.04.2026</span><br><span style="display:inline-block;margin-top:.55rem;font-weight:700;">Voir les photos</span></span></a><a href="/fr/calendrier-des-evenements/galerie-de-photos/gilde-skitag-flums-2026/" style="display:flex;flex-direction:column;border:2px solid #003043;border-radius:10px;overflow:hidden;text-decoration:none;color:#003043;background:#fff;"><span style="display:block;width:100%;aspect-ratio:16/10;background:#003043 url(https://www.gilde.ch/wp-content/uploads/2026/08/gilde-skitag-flums-2026-ziel.jpg) center/cover no-repeat;"></span><span style="display:block;padding:1rem 1.15rem;"><strong style="display:block;font-size:1.05rem;line-height:1.35;">Journée de ski Gilde</strong><span style="color:#555;">Flums · 16.03.2026</span><br><span style="display:inline-block;margin-top:.55rem;font-weight:700;">Voir les photos</span></span></a><a href="/fr/calendrier-des-evenements/galerie-de-photos/gilde-curling-2026/" style="display:flex;flex-direction:column;border:2px solid #003043;border-radius:10px;overflow:hidden;text-decoration:none;color:#003043;background:#fff;"><span style="display:block;width:100%;aspect-ratio:16/10;background:#003043 url(https://www.gilde.ch/wp-content/uploads/2019/10/restaurant-adler-kuessnacht-am-rigi_Header-1.jpg) center/cover no-repeat;"></span><span style="display:block;padding:1rem 1.15rem;"><strong style="display:block;font-size:1.05rem;line-height:1.35;">Curling Gilde Küssnacht a.R.</strong><span style="color:#555;">Küssnacht a.R. · 26.01.2026</span><br><span style="display:inline-block;margin-top:.55rem;font-weight:700;">Voir les photos</span></span></a></div>								</div>
				</div>
				</div>
				</div>

<p>Impressions des manifestations de la Guilde – avec photos dès l&rsquo;entrée. Journée de golf Gilde Dyhrberg 2026Interlaken · 29.06.2026Voir les photosRencontre des Amis de la Guilde au SeelandSeeland · 13.04.2026Voir les photosJournée de ski GildeFlums · 16.03.2026Voir les photosCurling Gilde Küssnacht a.R.Küssnacht a.R. · 26.01.2026Voir les photos</p>
