{"version":"1.0","provider_name":"Gilde","provider_url":"https:\/\/www.gilde.ch\/fr\/","author_name":"Annett Sprenger","author_url":"https:\/\/www.gilde.ch\/fr\/author\/annett-sprenger\/","title":"Galerie de photos - Gilde","type":"rich","width":600,"height":338,"html":"<blockquote class=\"wp-embedded-content\" data-secret=\"Rbt6gloFWi\"><a href=\"https:\/\/www.gilde.ch\/fr\/calendrier-des-evenements\/galerie-de-photos\/\">Galerie de photos<\/a><\/blockquote><iframe sandbox=\"allow-scripts\" security=\"restricted\" src=\"https:\/\/www.gilde.ch\/fr\/calendrier-des-evenements\/galerie-de-photos\/embed\/#?secret=Rbt6gloFWi\" width=\"600\" height=\"338\" title=\"\u00ab\u00a0Galerie de photos\u00a0\u00bb &#8212; Gilde\" data-secret=\"Rbt6gloFWi\" frameborder=\"0\" marginwidth=\"0\" marginheight=\"0\" scrolling=\"no\" class=\"wp-embedded-content\"><\/iframe><script type=\"text\/javascript\">\n\/* <![CDATA[ *\/\n\/*! This file is auto-generated *\/\n!function(d,l){\"use strict\";l.querySelector&&d.addEventListener&&\"undefined\"!=typeof URL&&(d.wp=d.wp||{},d.wp.receiveEmbedMessage||(d.wp.receiveEmbedMessage=function(e){var t=e.data;if((t||t.secret||t.message||t.value)&&!\/[^a-zA-Z0-9]\/.test(t.secret)){for(var s,r,n,a=l.querySelectorAll('iframe[data-secret=\"'+t.secret+'\"]'),o=l.querySelectorAll('blockquote[data-secret=\"'+t.secret+'\"]'),c=new RegExp(\"^https?:$\",\"i\"),i=0;i<o.length;i++)o[i].style.display=\"none\";for(i=0;i<a.length;i++)s=a[i],e.source===s.contentWindow&&(s.removeAttribute(\"style\"),\"height\"===t.message?(1e3<(r=parseInt(t.value,10))?r=1e3:~~r<200&&(r=200),s.height=r):\"link\"===t.message&&(r=new URL(s.getAttribute(\"src\")),n=new URL(t.value),c.test(n.protocol))&&n.host===r.host&&l.activeElement===s&&(d.top.location.href=t.value))}},d.addEventListener(\"message\",d.wp.receiveEmbedMessage,!1),l.addEventListener(\"DOMContentLoaded\",function(){for(var e,t,s=l.querySelectorAll(\"iframe.wp-embedded-content\"),r=0;r<s.length;r++)(t=(e=s[r]).getAttribute(\"data-secret\"))||(t=Math.random().toString(36).substring(2,12),e.src+=\"#?secret=\"+t,e.setAttribute(\"data-secret\",t)),e.contentWindow.postMessage({message:\"ready\",secret:t},\"*\")},!1)))}(window,document);\n\/* ]]> *\/\n<\/script>\n","description":"Impressions des manifestations de la Guilde \u2013 avec photos d\u00e8s l&rsquo;entr\u00e9e. Journ\u00e9e de golf Gilde Dyhrberg 2026Interlaken \u00b7 29.06.2026Voir les photosRencontre des Amis de la Guilde au SeelandSeeland \u00b7 13.04.2026Voir les photosJourn\u00e9e de ski GildeFlums \u00b7 16.03.2026Voir les photosCurling Gilde K\u00fcssnacht a.R.K\u00fcssnacht a.R. \u00b7 26.01.2026Voir les photos","thumbnail_url":"https:\/\/www.gilde.ch\/wp-content\/uploads\/2025\/09\/Gilde-Logo-res.png","thumbnail_width":1200,"thumbnail_height":675}

Impressions des manifestations de la Guilde – avec photos dès l&rsquo;entrée. Journée de golf Gilde Dyhrberg 2026Interlaken · 29.06.2026Voir les photosRencontre des Amis de la Guilde au SeelandSeeland · 13.04.2026Voir les photosJournée de ski GildeFlums · 16.03.2026Voir les photosCurling Gilde Küssnacht a.R.Küssnacht a.R. · 26.01.2026Voir les photos
